3 (base 6) to base 3.
120002111111220
Convert -376280 (base 11) to base 3.
-1010011202101
What is -28c97e (base 16) in base 5?
-1141014042
Convert -1001120010 (base 3) to base 12.
-10070
What is -4416678 (base 9) in base 4?
-21003131030
Convert -3452112 (base 6) to base 8.
-533554
Convert 5345542 (base 8) to base 12.
58a6aa
Convert 100100101001011011001 (base 2) to base 8.
4451331
2122445 (base 6) to base 11
71395
What is 1102121211101 (base 3) in base 11?
47a191
Convert -1101122210200 (base 3) to base 5.
-142204444
8a99 (base 11) to base 7
46613
What is 16022351 (base 8) in base 12?
12953a1
Convert 313323401 (base 6) to base 13.
11a0a4b
Convert -1479141 (base 10) to base 12.
-5b3b99
Convert -21330204 (base 5) to base 11.
-115697
-22030004 (base 5) to base 16
-2e3c3
Convert 482851 (base 16) to base 4.
102002201101
66336 (base 9) to base 6
535440
What is -25003152 (base 6) in base 2?
-11000001110100001100
What is -30663157 (base 9) in base 12?
-4b30b07
Convert 67396 (base 11) to base 7.
554432
What is -4584488 (base 9) in base 3?
-11122211112222
What is 50080 (base 12) in base 6?
2120240
Convert -201201002021 (base 3) to base 4.
-1132230301
What is -30c53b (base 15) in base 3?
-11100212011202
60892 (base 12) to base 4
132223232
-3984942 (base 10) to base 5
-2010004232
Convert 12104224 (base 5) to base 7.
650430
4b6593 (base 13) to base 9
3363568
100102212020001 (base 3) to base 12
181b024
-1675423 (base 8) to base 7
-4111220
Convert -2348a64 (base 11) to base 6.
-223450303
What is 2110200212222 (base 3) in base 16?
14084f
24213211 (base 6) to base 14
15c647
Convert -21405460 (base 9) to base 16.
-9dbd3e
What is -140354331 (base 7) in base 6?
-523311500
Convert -10001100001011010000 (base 2) to base 10.
-574160
What is -143292 (base 11) in base 9?
-371174
26131120 (base 7) to base 5
1102034041
Convert -1242566 (base 9) to base 2.
-10100101011101001010
What is -41e7a3 (base 15) in base 16?
-2fde4f
What is 66248 (base 10) in base 5?
4104443
bba54 (base 13) to base 2
1010011000010000001
Convert -465561 (base 11) to base 14.
-153649
6161826 (base 9) to base 15
44e55c
-573715 (base 8) to base 11
-123157
What is 36723273 (base 8) in base 10?
8103611
Convert -22631474 (base 8) to base 14.
-924068
What is 12271 (base 10) in base 11?
9246
91410 (base 13) to base 12
106513
Convert 264517 (base 9) to base 4.
213100201
Convert -241637 (base 16) to base 11.
-1375935
-1000001011111111100000 (base 2) to base 3
-11001001010120
11100011010100100001 (base 2) to base 5
214243410
What is 89d96 (base 15) in base 6?
13221453
Convert -212220310 (base 5) to base 9.
-1618085
37120 (base 15) to base 10
175755
Convert -1367035 (base 8) to base 7.
-3206024
Convert -223524 (base 9) to base 16.
-20aca
Convert 100011011100111011011110 (base 2) to base 14.
133cbdc
10000140 (base 9) to base 14
8c7170
What is 55879 (base 14) in base 3?
101112121021
442ddb (base 15) to base 9
6102888
Convert -1346637 (base 10) to base 14.
-270a85
Convert 34424011 (base 5) to base 2.
1001011111101011011
Convert -ff0a (base 16) to base 14.
-19b18
What is 1022211102121 (base 3) in base 14?
145036
What is -220202002 (base 4) in base 5?
-20303033
Convert 2a9669 (base 13) to base 8.
4000756
7839287 (base 10) to base 7
123430031
Convert -60714 (base 9) to base 16.
-9c0a
Convert 1061773 (base 8) to base 15.
5a3c9
Convert 10101001010010001110 (base 2) to base 12.
295326
Convert 4c6c95 (base 13) to base 9.
3418400
What is -292600 (base 12) in base 13?
-1b157b
Convert 5599b1 (base 12) to base 10.
1364821
Convert -3075192 (base 10) to base 6.
-145525000
Convert -10423321 (base 5) to base 2.
-10110100010110000
What is 2153110 (base 6) in base 7?
630423
-2042034400 (base 5) to base 8
-20161473
What is -26716 (base 15) in base 8?
-360330
What is -11403706 (base 8) in base 10?
-2492358
427483 (base 16) to base 12
1560457
Convert -c3ac2 (base 14) to base 4.
-1303010322
-1015162 (base 10) to base 13
-2970b5
Convert -6dc9c (base 16) to base 6.
-13345524
Convert -164111532 (base 7) to base 12.
-38bb536
-2016466 (base 11) to base 9
-6635041
Convert -6006646 (base 8) to base 14.
-2d0690
Convert 2414116 (base 7) to base 15.
60b91
What is 20223032103 (base 4) in base 12?
918103
31213311332 (base 4) to base 13
980579
What is -2b0698 (base 13) in base 9?
-1882140
Convert 19251a (base 16) to base 14.
30c790
Convert 234506 (base 8) to base 15.
18b68
1586109 (base 10) to base 5
401223414
What is -1139112 (base 11) in base 12?
-7baa08
236a801 (base 13) to base 7
162114504
111110101001111010011 (base 2) to base 6
112000551
51111100 (base 7) to base 13
b5c93c
What is -142078 (base 9) in base 12?
-422b2
40134 (base 8) to base 11
11419
What is 5ac02 (base 16) in base 11?
234302
What is 12002032312 (base 4) in base 2?
110000010001110110110
11001100001011111010001 (base 2) to base 3
110120221000021
What is -45316 (base 10) in base 5?
-2422231
What is -43241140 (base 5) in base 16?
-59ea7
-122813 (base 12) to base 7
-2335563
What is 1533555 (base 8) in base 6?
13233501
-130442016 (base 7) to base 11
-4768718
Convert -10104212 (base 5) to base 14.
-21b55
-693 (base 12) to base 5
-12400
Convert 3b7540 (base 13) to base 4.
11200213212
Convert -111110100000110011 (base 2) to base 9.
-430211
-562246 (base 7) to base 11
-68636
Convert 10112202122202 (base 3) to base 5.
440304234
Convert -21221012121212 (base 3) to base 7.
-50560211
-73386 (base 9) to base 2
-1011110100110011
356cc (base 14) to base 6
2443204
What is 410677 (base 8) in base 15?
2a2b0
1713483 (base 9) to base 2
11101000111001001011
Convert 75534043 (base 8) to base 5.
13114401440
81581 (base 9) to base 7
312355
Convert -11a585a (base 11) to base 2.
-111111101011100110110
What is -2044333 (base 7) in base 13?
-88234
Convert 100111101000010111011 (base 2) to base 5.
313023434
Convert -3477352 (base 8) to base 15.
-13b72e
Convert 2121003033 (base 4) to base 7.
5220453
What is 24401020 (base 5) in base 16?
387d9
What is 3422 (base 13) in base 15?
2265
What is -41360 (base 12) in base 6?
-1454200
Convert -1716081 (base 9) to base 4.
-3221112100
948311 (base 14) to base 6
255305055
What is 4302415 (base 7) in base 3?
222111221001
-21112203 (base 5) to base 12
-85988
5570252 (base 9) to base 13
80cb16
What is 2033442 (base 7) in base 3?
110101101000
10043412 (base 5) to base 11
55a34
What is 632608 (base 9) in base 2?
1011011110001111001
What is -3df11 (base 16) in base 2?
-111101111100010001
What is 100110212011 (base 3) in base 6?
3555304
116da (base 14) to base 8
123040
Convert 1b49a7 (base 13) to base 3.
1022100121110
Convert ca5721 (base 13) to base 8.
22103651
What is 22201312210 (base 4) in base 16?
2a1da4
Convert -1835a (base 14) to base 13.
-21a21
Convert -226222056 (base 7) to base 12.
-47b4679
Convert 62874 (base 16) to base 14.
a7108
Convert 3b3680 (base 16) to base 8.
16633200
Convert -82007 (base 12) to base 8.
-512607
What is -202212101101 (base 4) in base 12?
-3054781
Convert -947174 (base 11) to base 4.
-11302133212
What is -20642151 (base 7) in base 13?
-497421
Convert -1387005 (base 10) to base 9.
-2543546
What is 400203432 (base 6) in base 5?
3211003303
What is 5128b8 (base 13) in base 15?
275418
480a31 (base 12) to base 3
2012001220201
Convert 2b59 (base 12) to base 4.
1033311
6229192 (base 12) to base 14
264b502
21455a (base 15) to base 16
182bd5
-160458 (base 16) to base 4
-11200101120
What is 1ddd99 (base 15) in base 11?
910293
28147 (base 10) to base 6
334151
Convert 9c7de (base 15) to base 11.
3100a5
Convert 401001 (base 7) to base 16.
107f4
b9b36 (base 13) to base 16
51fe8
What is 6301451 (base 8) in base 15?
230602
What is -15ed1b (base 15) in base 11?
-666472
Convert 10c41a5 (base 13) to base 2.
10011110000010100001001
84ed2 (base 15) to base 6
13012555
20010100112210 (base 3) to base 13
89c541
2530c (base 14) to base 2
10110010000010000
What is -12033443032 (base 5) in base 7?
-226505353
What is -3cca29 (base 14) in base 3?
-10222011112112
Convert -267cc (base 13) to base 15.
-16370
Convert -3870707 (base 9) to base 12.
-85ab14
Convert -fb58 (base 16) to base 11.
-44385
What is 10000010010100010000 (base 2) in base 15?
a8251
Convert -1165442 (base 11) to base 3.
-10211000101220
What is 1442077 (base 9) in base 3?
1111102002121
Convert 81c72 (base